0 = 5*l. What is the remainder when l is divided by 3?
1
Let z(b) = b**3 - 3*b**2 - 2. Let o = -58 + 97. Calculate the remainder when o is divided by z(4).
11
Let f = 3 - 3. Suppose -2*w = -5*s + 2*s - 49, 2*s + 2 = f. Suppose -i + 2*h + 7 = -11, -5*i + 2*h = -66. What is the remainder when w is divided by i?
11
Let q(a) = -5*a - 1. Let o = -11 - -4. Calculate the remainder when q(o) is divided by 18.
16
Let w be (9/(-2))/((-4)/(-24)). Let r = w - -47. Suppose -2*s - 60 = -k, -5*s = -2*k - 0*s + 121. What is the remainder when k is divided by r?
18
Let r(z) = -5*z - 59. What is the remainder when 143 is divided by r(-19)?
35
Suppose 7*v - 2*v = 0, 0 = 3*d + 2*v - 33. What is the remainder when 52 is divided by d?
8
Let d be 1/(1/(-13) + 0). Let l = d + 22. What is the remainder when 16 is divided by l?
7
Suppose t + 0 - 4 = 0. Let y be 14/(-4)*(-4)/7. Suppose r = -y*k + 6, 5*k - 2*k + 2 = 4*r. Calculate the remainder when t is divided by r.
0
Let p(v) = 5 - v**3 + 0*v + 7*v**2 - 3*v + 2*v**3. Let d(h) = h**3 + 9. Calculate the remainder when p(-7) is divided by d(0).
8
Suppose k - 6 = -2*k. Let o(f) = f**3 - f**2 + 1. What is the remainder when 13 is divided by o(k)?
3
What is the remainder when ((-50)/(-2))/(-1 - -2) is divided by 4?
1
Suppose 5*k - 26 = 4*v, 5*k - 2*v = -v + 29. Suppose -2*r - 32 = -k*r. What is the remainder when r is divided by 3?
2
Suppose 6*g = 206 - 56. What is the remainder when 43 is divided by g?
18
Let a = 14 + -2. Let l = 11 + 35. What is the remainder when l is divided by a?
10
Let w(p) = 0*p**2 - 4*p**2 + 3*p + 6*p**2 - 7. Suppose 2*d - 5*i = 4*d, 0 = -3*i - 6. What is the remainder when w(d) is divided by 15?
13
Suppose -5*o + 4*l = -36, 0*o + 4*o - 5*l - 27 = 0. Suppose -8*b - 5*b + 39 = 0. Calculate the remainder when o is divided by b.
2
Let n = -2 + 2. Suppose n = -s + 7 + 4. Calculate the remainder when 31 is divided by s.
9
Calculate the remainder when 67 is divided by (1 + -2)*(-144)/8.
13
Let b(a) = a**2 + 7*a - 7. What is the remainder when 42 is divided by b(-9)?
9
Let u = 56 + -24. Let h(s) = -s**3 - 7*s**2 - 3*s - 10. Calculate the remainder when u is divided by h(-7).
10
Suppose 31 = u + 5*d, 4*u - 2*d - 78 = d. Calculate the remainder when 60 is divided by u.
18
Let u(d) = -d**2 - 13*d - 10. Let k be u(-12). Suppose -5*b = k*g - 5, -3*g + 8*g = -5*b - 10. Calculate the remainder when 10 is divided by b.
1
Suppose 3*p - 159 = 66. Suppose 0*x + 3*x = p. What is the remainder when 98 is divided by x?
23
Let h = -94 - -193. What is the remainder when h is divided by 17?
14
Suppose 2*w = -5*f, -5*f + 3*w = -0*w - 25. Let y(v) = -5 - v + f + 0*v. What is the remainder when y(-8) is divided by 3?
2
Suppose 2*w - 4 = 4. Let f = w + -1. Calculate the remainder when 4 is divided by f.
1
Let p = -3 + 5. Suppose l = 3*w - 3*l - 20, 0 = p*w - 5*l - 18. Suppose 2*b - 19 = -3*m, b = w*b - 2*m - 9. What is the remainder when 13 is divided by b?
3
Let z(x) = -17*x + 16*x + 4 + 0. What is the remainder when z(-7) is divided by 3?
2
Let b be (8/1)/(-3 + 4). Let h(x) = -x**3 + 7*x**2 + 9*x + 4. Calculate the remainder when 21 is divided by h(b).
9
Suppose -d - 5*i + 1 = 5, d = -4*i. Calculate the remainder when 13 is divided by 1/(2/d - 0).
5
Let g = -45 - -73. Calculate the remainder when g is divided by 15.
13
Let w be ((-3)/(-4))/(2/(-432)). Let i(c) = 2*c**2 + 6*c. What is the remainder when 3 - 5/(15/w) is divided by i(-5)?
17
Suppose -4*a + 326 = n - 2*n, a + 3*n = 88. Calculate the remainder when a is divided by (-2)/4 - (-215)/10.
19
Suppose -r = 3*r - 40. Suppose -2*u + r = 3*b - 4, -5*u = -5*b - 10. What is the remainder when 64 is divided by -4 + 2 + b*12?
20
Let t = 13 - 4. Calculate the remainder when 16 is divided by t.
7
Let u(f) = f**2 + f + 5. Suppose 0*o - 4*o = 4*n - 156, -196 = -4*n + 4*o. Let x = n + -26. Calculate the remainder when u(5) is divided by x.
17
Let p = -166 - -184. Let r = 6 + 1. Calculate the remainder when p is divided by r.
4
Suppose -6 = 5*h - 4*d + d, 6 = 3*d. Suppose 0 = -v - 5*b + 2, h = -2*v + v - 3*b + 8. What is the remainder when v is divided by 6?
5
Suppose -3*g + 9 = 0, u + g = 6*u - 372. Let l = 121 - u. What is the remainder when l is divided by 12?
10
What is the remainder when 23 is divided by (-2)/4*1*-16?
7
Suppose p + 4*a = 29, -2*a = p + 3*p - 46. Calculate the remainder when 17 is divided by p.
8
Let h = -12 + 37. Calculate the remainder when h is divided by 14.
11
Suppose 0 = 5*l + 6 - 106. Calculate the remainder when 38 is divided by l.
18
Let t(v) be the third derivative of -v**6/15 + v**5/60 - v**3/6 + 2*v**2. Calculate the remainder when 21 is divided by t(-1).
5
Let t(n) = -3*n + 22. What is the remainder when 37 is divided by t(3)?
11
Let i(t) be the second derivative of -t**4/12 - 7*t**3/6 + 3*t**2 + t. Calculate the remainder when i(-6) is divided by 7.
5
Let x(j) = j**2 - 9*j + 6. Let o be x(9). Let z be 150*(2 + (-15)/o). What is the remainder when -85*5/(z/6) is divided by 12?
10
Suppose 0 = p - 0*p - 47. Calculate the remainder when p is divided by 12.
11
Suppose -5*c + 92 + 13 = 4*o, -3*o - 4*c + 80 = 0. Suppose -28 = -3*u - 2*d, 3*d = 4*u - 0*d - 9. What is the remainder when o is divided by u?
2
Let c be ((-15)/(-9))/(2/6). Let y = 7 - c. Suppose -7*k + y*k = -2*g + 16, 1 = -3*g - 5*k. What is the remainder when 8 is divided by g?
2
Let g = -131 - -147. Calculate the remainder when 78 is divided by g.
14
Let s(a) = a**3 + 3*a**2 + 2*a + 3. Let z(o) = -o - 8. Let p be z(-6). Calculate the remainder when s(p) is divided by 2.
1
Suppose v = -5*b - 13 - 9, 20 = -2*v - 4*b. Let m = v - -2. Suppose 0 = -s + 2*f + 14, -s + 4*f + 6 = -m*s. What is the remainder when s is divided by 12?
10
Let w(y) = -4*y + 4*y**2 + 3 - 2*y**2 - y**2. Suppose -3*u - 12 = -5*u. What is the remainder when 29 is divided by w(u)?
14
Suppose -d - 2*o = 4, -5*d - 16 + 40 = -o. Calculate the remainder when 14 is divided by d.
2
Suppose 26*l - 8*l = 504. What is the remainder when l is divided by 18?
10
Suppose 0 = o - 2*t + 19 - 81, 0 = 3*o - 4*t - 190. Calculate the remainder when o is divided by 23.
20
Suppose -g - 1 = 0, -g = -4*w - 3*g - 2. Let s(l) = -l + w*l - 2 + 0*l + 0*l. What is the remainder when 7 is divided by s(-4)?
1
Let z(l) = -l - 1. Let v be z(5). Suppose -5*k + 84 + 41 = 0. What is the remainder when k is divided by (-52)/v*(-6)/(-4)?
12
Suppose 210 = 2*l - 5*g, l = -g + 19 + 86. Calculate the remainder when l is divided by 27.
24
Calculate the remainder when (4 - (-4 - 80))/2 is divided by 15.
14
Let n(u) = u**3 - u - 5. Let t(y) = y**2 - y. Let i be t(1). Let b be n(i). Let f = b + 14. Calculate the remainder when 17 is divided by f.
8
Let q(z) = 3*z**2 - 2*z + 2. Calculate the remainder when 36 is divided by q(2).
6
Let s = 17 - 5. What is the remainder when 22 is divided by s?
10
Let u be 11 + (0 + 1 - 1). Suppose -5*v = -4 - u. What is the remainder when (-1)/(-4 + (1 - (-20)/7)) is divided by v?
1
What is the remainder when 32 is divided by ((-300)/(-28) + (-10)/(-35))*1?
10
Suppose -2*x - 12*x + 210 = 0. Calculate the remainder when 89 is divided by x.
14
What is the remainder when 5 is divided by (7/14)/((6/16)/3)?
1
Let y = 13 + -10. Suppose 5*s - 4 = -f + 1, 5*f = y*s + 25. Suppose -3*c - 4*p = -6 - 26, s = -c - p + 12. Calculate the remainder when 30 is divided by c.
14
Let k(v) = 2*v + 0 + 0 + 1. Let w be k(1). Suppose 0 = -q - g + 11, q = w*q + g - 24. Calculate the remainder when 25 is divided by q.
12
Let t = 6 + -3. Let l(v) = -2*v + 3. Let b be l(t). Let m(x) = -6*x - 3. What is the remainder when 29 is divided by m(b)?
14
Let x(p) = 2*p - 4. Let m be x(3). Suppose -3*o - 24 = -5*g, 2*g - 4*g = m*o. Let a = o - -14. What is the remainder when 21 is divided by a?
10
Let r(p) = 3*p - 6. Let q be 2*(-16)/12*-3. Calculate the remainder when r(q) is divided by 5.
3
Let o(i) = i - 5. Let b be o(6). Calculate the remainder when -7*2*b/(-2) is divided by 3.
1
Let q(d) be the third derivative of d**5/60 - d**4/12 + d**3/3 - 5*d**2. What is the remainder when q(4) is divided by 6?
4
Suppose -o + 3*o = 8, 0 = -v + 3*o + 49. What is the remainder when v is divided by 32?
29
Suppose 2*f = 3*f. Suppose f = v + v - 62. What is the remainder when v is d